en 7320 is divided by 317.
29
Calculate the remainder when 72548 is divided by 18137.
0
What is the remainder when 436 is divided by 423?
13
Calculate the remainder when 1360 is divided by 1318.
42
Calculate the remainder when 7334 is divided by 431.
7
Calculate the remainder when 3408 is divided by 153.
42
What is the remainder when 668 is divided by 9?
2
What is the remainder when 8503 is divided by 2832?
7
Calculate the remainder when 11377 is divided by 799.
191
What is the remainder when 157353 is divided by 21?
0
What is the remainder when 17050 is divided by 17?
16
Calculate the remainder when 29066 is divided by 2422.
2
What is the remainder when 2477 is divided by 151?
61
Calculate the remainder when 38385 is divided by 2740.
25
What is the remainder when 3254 is divided by 1052?
98
What is the remainder when 405440 is divided by 9653?
14
What is the remainder when 11376 is divided by 5677?
22
What is the remainder when 2481 is divided by 202?
57
Calculate the remainder when 2230014 is divided by 156.
150
Calculate the remainder when 2070549 is divided by 132.
129
Calculate the remainder when 7394 is divided by 325.
244
What is the remainder when 57282 is divided by 28636?
10
Calculate the remainder when 45758 is divided by 208.
206
Calculate the remainder when 1264 is divided by 299.
68
What is the remainder when 8850 is divided by 33?
6
Calculate the remainder when 144 is divided by 1.
0
What is the remainder when 2302 is divided by 2228?
74
What is the remainder when 33227 is divided by 39?
38
What is the remainder when 20026 is divided by 78?
58
What is the remainder when 3657 is divided by 155?
92
What is the remainder when 2307 is divided by 146?
117
What is the remainder when 10668 is divided by 1512?
84
Calculate the remainder when 1021 is divided by 662.
359
What is the remainder when 716454 is divided by 1714?
2
Calculate the remainder when 53701 is divided by 126.
25
What is the remainder when 74651 is divided by 182?
31
What is the remainder when 4734 is divided by 2365?
4
Calculate the remainder when 22855 is divided by 11418.
19
Calculate the remainder when 33926 is divided by 6767.
91
Calculate the remainder when 5634 is divided by 28.
6
Calculate the remainder when 7899 is divided by 149.
2
Calculate the remainder when 20355697 is divided by 122.
119
Calculate the remainder when 1171921 is divided by 113.
111
Calculate the remainder when 11932 is divided by 33.
19
What is the remainder when 545984 is divided by 12?
8
Calculate the remainder when 101022 is divided by 287.
285
What is the remainder when 22883 is divided by 11435?
13
What is the remainder when 3179 is divided by 91?
85
What is the remainder when 198 is divided by 130?
68
What is the remainder when 12095 is divided by 302?
15
Calculate the remainder when 5511 is divided by 370.
331
What is the remainder when 172505 is divided by 37?
11
What is the remainder when 1463 is divided by 35?
28
Calculate the remainder when 8494 is divided by 61.
15
What is the remainder when 1009001 is divided by 858?
851
What is the remainder when 932 is divided by 275?
107
What is the remainder when 3469 is divided by 16?
13
What is the remainder when 725734 is divided by 20?
14
Calculate the remainder when 6257 is divided by 209.
196
What is the remainder when 55828 is divided by 8?
4
What is the remainder when 22021 is divided by 21?
13
What is the remainder when 118093 is divided by 122?
119
What is the remainder when 104446 is divided by 12?
10
Calculate the remainder when 2074656 is divided by 580.
576
What is the remainder when 19755 is divided by 3949?
10
What is the remainder when 96760 is divided by 19351?
5
What is the remainder when 3847 is divided by 288?
103
Calculate the remainder when 961 is divided by 396.
169
What is the remainder when 4340374 is divided by 276?
274
What is the remainder when 4389 is divided by 389?
110
Calculate the remainder when 454 is divided by 11.
3
What is the remainder when 14583 is divided by 911?
7
Calculate the remainder when 36467 is divided by 21.
11
Calculate the remainder when 372709 is divided by 610.
609
What is the remainder when 116254 is divided by 41?
19
Calculate the remainder when 68932 is divided by 34443.
46
Calculate the remainder when 5122 is divided by 1.
0
Calculate the remainder when 2874428 is divided by 48.
44
What is the remainder when 1222 is divided by 29?
4
Calculate the remainder when 95309 is divided by 7.
4
What is the remainder when 8577 is divided by 127?
68
What is the remainder when 41124 is divided by 41105?
19
What is the remainder when 8890 is divided by 76?
74
What is the remainder when 411135 is divided by 2066?
1
Calculate the remainder when 9679 is divided by 3094.
397
What is the remainder when 142220 is divided by 142213?
7
Calculate the remainder when 7991 is divided by 176.
71
What is the remainder when 288491 is divided by 1457?
5
Calculate the remainder when 7264 is divided by 736.
640
What is the remainder when 180788 is divided by 309?
23
What is the remainder when 16890 is divided by 3376?
10
What is the remainder when 107032 is divided by 8233?
3
Calculate the remainder when 245309 is divided by 51.
50
What is the remainder when 51174 is divided by 734?
528
Calculate the remainder when 734 is divided by 338.
58
What is the remainder when 3894 is divided by 1940?
14
What is the remainder when 10135 is divided by 14?
13
Calculate the remainder when 2142813 is divided by 12.
9
Calculate the remainder when 533 is divided by 523.
10
What is the remainder when 6569 is divided by 9?
8
What is the remainder when 26427 is divided by 1201?
5
Calculate the remainder when 67702 is divided by 4513.
7
What is the remainder when 16823 is divided by 390?
53
What is the remainder when 1041072 is divided by 15?
12
What is the remainder when 62832 is divided by 1745?
12
What is the remainder when 153171 is divided by 153?
18
What is the remainder when 262010 is divided by 178?
172
What is the remainder when 1829 is divided by 1153?
676
What is the remainder when 25854 is divided by 1665?
879
Calculate the remainder when 3256 is divided by 401.
48
Calculate the remainder when 2673 is divided by 345.
258
What is the remainder when 2867 is divided by 2845?
22
What is the remainder when 11479 is divided by 44?
39
Calculate the remainder when 25467 is divided by 23.
6
What is the remainder when 22236 is divided by 21?
18
What is the remainder when 71914 is divided by 111?
97
What is the remainder when 10462205 is divided by 1024?
1021
What is the remainder when 24954 is divided by 101?
7
Calculate the remainder when 1105 is divided by 101.
95
What is the remainder when 8429 is divided by 87?
77
Calculate the remainder when 6940 is divided by 75.
40
What is the remainder when 39797 is divided by 220?
197
What is the remainder when 4749 is divided by 1492?
273
Calculate the remainder when 28743 is divided by 9579.
6
What is the remainder when 14381 is divided by 2396?
5
What is the remainder when 7972 is divided by 228?
220
What is the remainder when 9537 is divided by 361?
151
Calculate the remainder when 1501 is divided by 238.
73
What is the remainder when 3086033 is divided by 7?
6
Calculate the remainder when 26010 is divided by 4.
2
What is the remainder when 2351 is divided by 984?
383
What is the remainder when 16175 is divided by 57?
44
Calculate the remainder when 13029 is divided by 13022.
7
Calculate the remainder when 17646 is divided by 298.
64
Calculate the remainder when 3058 is divided by 2514.
544
Calculate the remainder when 195013 is divided by 76.
73
Calculate the remainder when 3512 is divided by 67.
28
What is the remainder when 2575 is divided by 843?
46
What is the remainder when 2635 is divided by 481?
230
What is the remainder when 9669 is divided by 312?
309
What is the remainder when 479 is divided by 322?
157
Calculate the remainder when 105 is divided by 30.
15
What is the remainder when 26606 is divided by 147?
146
What is the remainder when 68632 is divided by 520?
512
Calculate the remainder when 4867 is divided by 58.
53
Calculate the remainder when 24268 is divided by 8089.
1
Calculate the remainder when 119751 is divided by 735.
681
What is the remainder when 71583 is d